974?
79923975
In base 16, what is -7 - 557464?
-55746b
In base 9, what is 3 - -2854448?
2854452
In base 9, what is -3470740 - 10?
-3470750
In base 10, what is 3 + -23411876?
-23411873
In base 7, what is 260651041 - 1?
260651040
In base 8, what is 504 - -174272?
174776
In base 5, what is 111130124 + -2304?
111122320
In base 16, what is -ae5 + -15dc?
-20c1
In base 6, what is -5 - -21434251400?
21434251351
In base 5, what is 4 - -1321211441?
1321212000
In base 6, what is -400524325 + -3?
-400524332
In base 14, what is -9 + -55875ca?
-55875d5
In base 6, what is 2225045 - 321?
2224324
In base 14, what is 1342db - -24?
134321
In base 4, what is 1330320312312 + -23?
1330320312223
In base 15, what is -4 - -6993d47?
6993d43
In base 14, what is -c6d + 39c?
-8b1
In base 7, what is -42 + -4540454?
-4540526
In base 6, what is -2214000 - 500?
-2214500
In base 4, what is -11020 - 1120332211?
-1121003231
In base 3, what is -1122221220 + 11122?
-1122210021
In base 3, what is 220110 + -11012101110?
-11011111000
In base 12, what is 344a7 - 393?
34114
In base 13, what is -27 - 1a5746?
-1a5770
In base 12, what is 2429 - 7bb69?
-79740
In base 10, what is 553070 - -7?
553077
In base 15, what is 9 - 31e6a7?
-31e69d
In base 9, what is 36245736 - -13?
36245750
In base 10, what is -215338 - -369?
-214969
In base 16, what is 5e20 - -26?
5e46
In base 4, what is -2323 + 211003333?
211001010
In base 13, what is -1b22aa + 2?
-1b22a8
In base 16, what is -17d - 9d414?
-9d591
In base 13, what is 1c2 - 514b7?
-512c5
In base 6, what is 13405 + 13040?
30445
In base 4, what is 22 - -12310232013?
12310232101
In base 7, what is -166335 - 2?
-166340
In base 2, what is -10101001000010000110011 - 1011001?
-10101001000010010001100
In base 3, what is -111122 - -11001121210012?
11001121021120
In base 2, what is -1111100011010101101011 + 1001?
-1111100011010101100010
In base 4, what is -30102 + 101022210?
100332102
In base 12, what is 23224 - -ba?
23322
In base 16, what is -5 + 10cbb8?
10cbb3
In base 16, what is b - -223690?
22369b
In base 3, what is -111002 + 12021221?
11210212
In base 6, what is -32 - -30442004?
30441532
In base 10, what is -212 + -93149?
-93361
In base 10, what is -2340 - -29265?
26925
In base 7, what is 0 - 2016634532?
-2016634532
In base 2, what is 110100010001 + 1000100000100010?
1001010100110011
In base 7, what is 145343213 - -4?
145343220
In base 14, what is -7876 + -18a0?
-9336
In base 6, what is -53 - -2000143?
2000050
In base 16, what is -29f1 + 223?
-27ce
In base 16, what is -5 - -1eb0e6f?
1eb0e6a
In base 11, what is -1a + -2652221?
-2652240
In base 2, what is 11011100101011010100 - -100?
11011100101011011000
In base 11, what is 4 + 10aa53155?
10aa53159
In base 3, what is -12202010210 + 1?
-12202010202
In base 11, what is -48530 - -190?
-48350
In base 13, what is -49c59 - 89?
-4a015
In base 12, what is -72a - 485bb?
-49129
In base 10, what is 409667 - 29?
409638
In base 3, what is -1200100022110022 + -110?
-1200100022110202
In base 16, what is 3473b + 931?
3506c
In base 8, what is 1654230 + 5?
1654235
In base 10, what is -219 - -189663?
189444
In base 6, what is -104 - -14254524?
14254420
In base 10, what is -16057855 - -3?
-16057852
In base 5, what is -4 - -10400102313?
10400102304
In base 16, what is -4 + -1716d5?
-1716d9
In base 16, what is 4a - -6cd4f?
6cd99
In base 15, what is 5 + b8ed6?
b8edb
In base 9, what is 354040 + -5526?
347413
In base 5, what is -14132 - -113004443?
112440311
In base 15, what is 258 + 1ced?
2056
In base 6, what is -130442242045 + 5?
-130442242040
In base 7, what is 3614051 + 15?
3614066
In base 3, what is -10221111122 - 11012112?
-11002201011
In base 3, what is -11211110021112 - -1022?
-11211110020020
In base 7, what is 20145301 + -1?
20145300
In base 15, what is 2 + cd83cd?
cd83d0
In base 12, what is 411b71b - 0?
411b71b
In base 8, what is -160 - 5211042?
-5211222
In base 2, what is -1011100101001001110 - -11101110?
-1011100100101100000
In base 13, what is 3a39693 + 3?
3a39696
In base 7, what is 134 + -1060026?
-1056562
In base 5, what is -31 + 101410023?
101404442
In base 2, what is -10101 - 111110011110000110100000?
-111110011110000110110101
In base 14, what is 0 - -486cc7?
486cc7
In base 15, what is 6247 - -3ae?
6606
In base 2, what is 10100001011111101111111 - 101?
10100001011111101111010
In base 3, what is 1 + 1120110020221201?
1120110020221202
In base 11, what is 2 - 2735817?
-2735815
In base 4, what is -113211211122323 - -2?
-113211211122321
In base 11, what is 1714a + 22a?
17379
In base 7, what is 102 + 12416451?
12416553
In base 15, what is 84e + d78a?
e0d9
In base 13, what is 0 - -1b3c4a?
1b3c4a
In base 7, what is 556 - 1411062?
-1410203
In base 14, what is 25db430 - 1?
25db42d
In base 2, what is -1001100001101011001110 - 101?
-1001100001101011010011
In base 13, what is 1b - -352c779?
352c797
In base 10, what is -18 - 66361358?
-66361376
In base 9, what is -526 + -7130?
-7656
In base 5, what is -202 + 344031331?
344031124
In base 6, what is -404405 - 12215?
-421024
In base 5, what is 22334 - 122241?
-44402
In base 16, what is 53 - -562b85?
562bd8
In base 4, what is -123132 - 122323?
-312121
In base 5, what is -110411340230 - 12?
-110411340242
In base 4, what is 23131 + -113002113?
-112312322
In base 13, what is 79 + -1108c?
-11013
In base 2, what is 110011 + 111101111001?
111110101100
In base 5, what is 21 + 2010030101?
2010030122
In base 12, what is 160ba - b58?
15162
In base 12, what is 1388 + 296b?
4137
In base 2, what is 1011000110100100010 + 101011?
1011000110101001101
In base 9, what is -14 - -1663830?
1663815
In base 14, what is 33 + -76cb71?
-76cb3c
In base 6, what is 401203 - 15525?
341234
In base 7, what is -214112 - -625?
-213154
In base 8, what is -31202214 - -1?
-31202213
In base 3, what is 20110011001 - 1022?
20110002202
In base 4, what is 13 + -111010030113?
-111010030100
In base 15, what is ce8 - 537bb?
-529c3
In base 9, what is 75187320 - -3?
75187323
In base 12, what is a1 + 16126b?
161350
In base 12, what is -3 - -93b6b6?
93b6b3
In base 2, what is -1 + -1100110010000111111101110000?
-1100110010000111111101110001
In base 8, what is 23260204 - 13?
23260171
In base 12, what is 151 + 106b8a?
10711b
In base 9, what is 5 + -548612508?
-548612503
In base 12, what is 2203505 + -1?
2203504
In base 11, what is -2657 + 72056?
6a4aa
In base 11, what is -89 - 379429?
-379507
In base 15, what is 29b + -1ea97?
-1e7eb
In base 7, what is 4340 - 1001?
3336
In base 11, what is 6 + -1a2a725?
-1a2a71a
In base 15, what is 38c + -3601d?
-35b81
In base 4, what is 10202 - 11312300?
-11302032
In base 15, what is 4eb - -2bba?
31b6
In base 7, what is -12 - 1021630326?
-1021630341
In base 13, what is -22315c + -366?
-2234c5
In base 11, what is 15 - -30aa48?
30aa62
In base 11, what is -5190 + 41a2?
-a99
In base 15, what is a174a - 15?
a1735
In base 14, what is -11 - -196b02d?
196b01c
In base 4, what is 221001012313 - 3?
221001012310
In base 12, what is -1 - -217962b?
217962a
In base 15, what is 7 - -63c423?
63c42a
In base 4, what is -112100102122330 - -2?
-112100102122322
In base 13, what is -1823a0 - 10?
-1823b0
In base 15, what is -1b76 + 175?
-1a01
In base 15, what is 26 - 23ac?
-2386
In base 15, what is -c2892 + -700?
-c3092
In base 2, what is -1010111101101001111111101101 - 10?
-1010111101101001111111101111
In base 11, what is -662621 - -9?
-662613
In base 3, what is 11 - -10102120022022?
10102120022110
In base 3, what is -1202010 + 21010200?
12101120
In base 12, what is b2 + 171bab?
1720a1
In base 11, what is -184688991 - 3?
-184688994
In base 10, what is 16 - -965057?
965073
In base 14, what is dda71c1 + -5?
dda71ba
In base 14, what is 1683dc3 + 5?
1683dc8
In base 11, what is 1283a + -1a384?
-7645
In base 3, what is -20122 + 210012020?
202221121
In base 12, what is aba405 + -11?
aba3b4
In base 5, what is -12 + 1422033212?
1422033200
In base 15, what is 45382c5 + -1d?
45382a7
In base 12, what is 3 - 2992131?
-299212a
In base 13, what is 4 + -1ca8c?
-1ca88
In base 13, what is c9c - -6c57?
7c26
In base 14, what is 119d05 - -d?
119d14
In base 3, what is -10022110220010001 - 10?
-10022110220010011
In base 2, what is -11 - 11001000001000100001100?
-11001000001000100001111
In base 6, what is 5413 + -10342?
-525
In base 15, what